s(11)?
-4
Let p(q) = 2*q + 4. Suppose 2*r - 46 = -4*z, 3*z + 2*z - 63 = 3*r. Let v be 2/6 + 44/z. Suppose 32 = -12*a + v*a. Give p(a).
-4
Suppose 0 = 2*o + 4*n - 20, 4*n = 332 - 316. Let z(t) = -t + 5. Let g(x) = -3*x + 11. Let a(b) = -2*g(b) + 5*z(b). What is a(o)?
5
Let q(p) = -8*p - 39. Let g(m) = 11*m + 58. Let s(u) = 5*g(u) + 7*q(u). Let k(t) = 8. Let c(x) = -13*k(x) + 6*s(x). What is c(5)?
-32
Let o be (1/6 - 137/30)/(5/(-25)). Let m(f) be the first derivative of -o - 2*f - 1/2*f**2. What is m(4)?
-6
Let h(i) = 3*i**3 + 3*i**2 + 2*i + 8. Let p(f) = -3*f - f**2 - 4*f**3 + 2*f**2 - 3*f**2 + 0*f - 9 + 2*f. Let q(a) = 3*h(a) + 2*p(a). Calculate q(-4).
6
Let n(m) = m - 9. Let u = 9 + -7. Suppose -676 + 216 = -20*h. Let j be (-1 + u)/(h/115). Calculate n(j).
-4
Let q(u) = -12*u + 6*u - u**2 - 244 - 227 + 465. Determine q(-4).
2
Let w(p) = -p**3 + 7*p**2 + 2*p - 5. Let f(n) = n**3 - 8*n**2 - n + 6. Suppose 0 = -z - z - 6. Let m(c) = z*f(c) - 4*w(c). Let b = 4 - -1. What is m(b)?
2
Let a(h) = 2*h - 4. Let u(x) = 447*x + 892. Let b be u(-2). Calculate a(b).
-8
Let p(b) = 13*b**3 + b**2 - b + 1. Let a = 957 + -938. Suppose -2*y - 12 = -5*w + 47, y = 5*w - 57. Suppose -t + 5*z = a, 5*z - 13 = -4*t + w. Calculate p(t).
14
Let w(c) = 8*c - 4. Let j be w(2). Suppose -3*y - 15 = 0, -4*y = 10*h - 9*h + 7. Suppose j*r + 47 = -h. Let l(v) = -v**2 - 3*v + 5. Calculate l(r).
-5
Let d(s) = 13*s + 1259. Let f(j) = 12*j + 1523. Let q(u) = -6*d(u) + 5*f(u). What is q(5)?
-29
Suppose 2*h + 10 = 4*t, -3*t = -6*t + 2*h + 9. Let m = -2 - -4. Let o = m + t. Let z(s) = 6*s - 2. Give z(o).
16
Let m(v) be the third derivative of -v**4/8 - 14*v**3/3 - 3495*v**2. Give m(16).
-76
Let z(h) = -h**3 + 6*h**2 - 3*h + 1. Let g = -420 - -477. Let u be g/12 + 19/76. What is z(u)?
11
Let o(g) be the second derivative of 0 - 1/20*g**5 + 5*g**2 + 107*g + 1/6*g**3 + 7/12*g**4. Determine o(7).
17
Let j(l) = l**3 + 9*l**2 - 8*l + 22. Let r(y) = -2*y + 34. Let d be r(22). Let v be j(d). Let z(a) = -31*a**2 - a**3 - v + 33*a**2 + 2*a - 1. Determine z(3).
-6
Let g(w) = -13*w**3 - 4*w**2 + 5*w - 11. Suppose -5*p - 8 = -33. Let x(z) = -13*z**3 - 3*z**2 + 4*z - 9. Let o(m) = p*x(m) - 4*g(m). Determine o(1).
-13
Let q = -6431 + 6439. Let p(y) = -y**2 + 11*y - 12. What is p(q)?
12
Let z(k) = k**3 - 3*k + 2. Let a be -2*(545/(-10) - 3). Let j = -113 + a. Calculate z(j).
4
Let z = -1 - -1. Let j(a) = z*a + 2*a - 11 + 10 + a. Let n(p) = -2*p + 1. Let m(g) = -3*j(g) - 5*n(g). What is m(0)?
-2
Let c be (5/3)/(35/(-21)*(-1)/5). Let y(o) = -o**2 + 14*o - 54. Give y(c).
-9
Suppose 6546 = 10*c + 6566. Let n(b) = 12*b + 12. Calculate n(c).
-12
Let p(w) = -72*w + 1 - 75*w - 71*w - 77*w - w**2 + 298*w. What is p(2)?
3
Let k be 1/(-33) - (-9044)/2244. Let r(j) = -3*j**2 + 16*j - 40. Determine r(k).
-24
Let g(d) be the first derivative of -d**6/120 + d**5/10 + d**4/4 + 5*d**3/6 - 3*d**2/2 + 5*d - 116. Let n(f) be the second derivative of g(f). Calculate n(7).
-2
Let l(q) be the first derivative of -q**5/30 + q**4/6 - q**3/2 + 4*q**2 - 3*q - 66. Let w(g) be the second derivative of l(g). Calculate w(3).
-9
Let o(v) = v**3 + 2*v**2 + 2*v + 2. Suppose -4*w - 104 = 264. Let f = w - -90. Calculate o(f).
-2
Let l(j) = j**2 - 9*j + 2. Suppose -5*b + 250*u + 32 = 254*u, b + 4*u + 16 = 0. What is l(b)?
38
Suppose 0 = 14*s - 19*s. Suppose -27*m + 23*m + 1096 = s. Let k(a) = 0 + 275*a - m*a - 1 - a**2. Determine k(1).
-1
Let k(b) = -3*b + 16*b**2 - 17*b**2 - 12*b - 7*b - 10 + 11*b. What is k(-6)?
20
Let o(c) = c**2 + 2*c - 2. Let d(n) = 22*n**2 - 22*n + 14. Let k(v) = -8*v**2 + 7*v - 5. Let h(x) = -5*d(x) - 14*k(x). Let t(z) = h(z) - 3*o(z). What is t(9)?
-21
Let j(a) = -a**3 - 11*a**2 - 10*a - 8. Let z = 18646 - 18656. What is j(z)?
-8
Let b(c) = 164*c + 4. Let n = 24829 + -24829. Calculate b(n).
4
Let x(v) be the third derivative of -v**6/120 + v**5/6 + v**4/24 - 2*v**3/3 - 45*v**2. Let r be x(10). Let k(q) = -q**2 + 6*q - 4. Give k(r).
-4
Let p(b) = -7*b**2 - 2*b + 2. Suppose -7*c = -11*c + 3*g - 8, -5*c + 4*g = 10. Let d(i) = 13*i + 28. Let u be d(c). Determine p(u).
-30
Let v(b) = b**2 + 11*b + 34. Suppose 3*j = 5*h + 11, 13*h = 12*h - 4*j - 16. Determine v(h).
6
Suppose -3*l - v + 3 = 0, 6*v = -l + 2*v - 10. Let t(i) = -4*i**2 - 2*i + i + i**l + 2 - 3. Let x = 0 + -1. What is t(x)?
-3
Let j(b) = 4*b**2 - 20*b + 3. Let m be j(5). Let y(k) = -1508*k**3 + 1 - m + 1507*k**3 + 3*k - 2*k**2. Determine y(2).
-12
Let h(y) be the third derivative of 0 - 1/6*y**4 - 1/120*y**6 + y**3 + 1/12*y**5 + 0*y - 63*y**2. What is h(4)?
6
Let f(i) = -i**3 + i**2 - i + 8. Let t be f(0). Suppose -t*g + 95 = -33. Suppose 0 = -10*k + g*k - 18. Let r(l) = l**2 - 7*l + 3. Calculate r(k).
-9
Let n(w) be the second derivative of -w**7/2520 + w**6/120 - w**5/30 + 9*w**4/2 - 101*w. Let r(o) be the third derivative of n(o). Let g = 1 - -5. Give r(g).
-4
Let t(n) be the first derivative of n**3 - n - 3. Suppose 2*x = 52 + 4. Let u be (25/35 - 2) + 8/x. Determine t(u).
2
Let y(k) = 11*k**2 + 92808*k + 3 + 8 + 92806*k - k**3 - 185598*k. Determine y(13).
-119
Let i(u) be the third derivative of 0 - 1/30*u**5 + 8*u - 11/24*u**4 + u**2 - 2/3*u**3. Calculate i(-7).
-25
Let a(d) = 93*d + 43. Let j(u) = -74*u - 40. Let m(q) = -4*a(q) - 5*j(q). Calculate m(-9).
46
Let n(v) be the second derivative of 1/6*v**3 + 1 - 3/2*v**2 + 2*v. Determine n(3).
0
Let z(d) = -3*d**2 - 55*d + 4. Let b be z(0). Let g(n) = -5 - n + 6*n + 7 + 3. Calculate g(b).
25
Let j(y) = -5*y + 2. Let b be (-13 + -1 + -2)/(2/25). Let u = b + 198. Give j(u).
12
Suppose -5*j - 5 = 35. Let n(u) = 4*u**2 + 12*u + 4. Let m(s) = -7*s**2 - 23*s - 8. Let z(c) = -3*m(c) - 5*n(c). Calculate z(j).
-4
Let k = 19271 - 19262. Let t(l) = l**3 - 12*l**2 + 4*l + 18. Calculate t(k).
-189
Let u(k) = 21*k**3 + 3*k**2 + 22*k + 3. Let o(y) = 17*y**3 + 7*y**2 + 22*y + 3. Let h(q) = 5*o(q) - 4*u(q). Calculate h(-22).
3
Let u(p) = p - 6. Let l be u(2). Let w be 8/(-4)*(l + (-35)/(-10)). Let q(v) = 13*v**3 - v**2 + v - 1. Calculate q(w).
12
Let q = -293 - -286. Let p(w) = -w**3 - 9*w**2 - 14*w - 9. Give p(q).
-9
Suppose t - 3*w - 17 = 0, 11*t = 14*t + 4*w - 38. Suppose -t = 8*i + 58. Let h(c) = c**2 + 11*c - 5. Determine h(i).
-23
Let m(k) = -k**2 + 2*k + 123. Let b be (17 + (-833)/34)/((-6)/(-8)). Determine m(b).
3
Let g(n) = -n**2 + 2*n + 30. Let t(w) = 126*w + 762. Let d be t(-6). Determine g(d).
6
Let h(b) = -7*b + 6. Let v(l) = -l + 4. Let c(t) = -h(t) + 4*v(t). Determine c(-7).
-11
Let i(j) = -j**3 + 8*j**2 + j - 16. Suppose 0 = -584*o + 568*o + 128. Calculate i(o).
-8
Suppose -8*m - 55 = -6*m - 5*a, -3*m = -2*a + 66. Let d be m - -16 - (-30)/2. Let y(p) = -p**3 + 10*p**2 + 13*p - 26. Calculate y(d).
-4
Let o(y) be the third derivative of y**4/8 - 34*y**3/3 + 4*y**2 + 103. Calculate o(29).
19
Let z(u) = -5231*u + u**2 - 7 - 5235*u + 10473*u. Suppose 3*o - 11 + 2 = 0. Suppose -4*h = -o + 31. Give z(h).
-7
Let r be 112/7 + -18 + (-8 - -3). Let u be (0 - 0) + (0 - -4). Let z(i) = 7 + 5*i - u + 2. What is z(r)?
-30
Let o(n) = n**3 - 6*n**2 - 7*n. Suppose -60*y + 55 = -55*y + 4*t, 4*t = 20. Calculate o(y).
0
Let c(g) be the first derivative of -g**2 + 7*g - 51. Let i(y) = -y + 7. Let q(t) = 7*c(t) - 6*i(t). What is q(2)?
-9
Let r be 19 + -21 + 14 + -12. Let u(y) be the second derivative of 0 + r*y**2 + 34*y - 1/6*y**3. What is u(2)?
-2
Let h(g) be the first derivative of -g**6/360 + 5*g**4/6 - g**3 - 48. Let c(m) be the third derivative of h(m). Suppose 3*s = 4*s. Give c(s).
20
Let f(a) = -a**3 - a. Let q(z) = 4*z**3 + z**2 + 6*z + 1. Let u be ((-10)/6)/(((-40)/(-15))/(-8)). Let i(p) = u*f(p) + q(p). What is i(-1)?
2
Suppose 7*b - i = 3*b - 3, i - 3 = -5*b. Let p(h) = -h**2 + 5*h - 28. What is p(b)?
-28
Let m(z) = -16*z**2 + 1396*z - 346. Let c be m(87). Let g(i) = i**2 - 6*i + 7. Determine g(c).
-1
Suppose 206*m - 27*m + 1969 = 0. Let o(z) = 3*z + 2*z**2 - z**2 + 8 + 9*z. Give o(m).
-3
Suppose 0 = -d + 7 + 11. Suppose d*f = 23*f + 25. Let u(o) = 282 - 282 - o. Determine u(f).
5
Let r(b) = 3*b**2 + 2*b + 5. Let a be 0/((-4)/(-1) + 11 + -13). What is r(a)?
5
Let t(g) = 5 - 2*g - 2*g + 1620*g**2 + g**3 + 3*g - 1627*g**2. Let i = 36 + -29. Give t(i).
-2
Let m(l) = -79*l - 120. Let d(p) = 19*p + 29. Let a(k) 